/(5/190)?
9
Let t = 218 + -87. What is the hundreds digit of t?
1
Suppose 0*x = 2*x - 3*y + 187, y = -x - 86. Let r = x - -319. Suppose -9*v + 14*v - r = 0. What is the tens digit of v?
4
Let u = -5111 + 7721. What is the units digit of u?
0
Let r(j) = -2 - 4 - 1 - 4 + 2*j. Let x be r(8). Suppose -x = -b + 2. What is the units digit of b?
7
Suppose -5*w = -10*w + 12255. What is the thousands digit of w?
2
Let f(s) = -788*s - 16. What is the units digit of f(-2)?
0
Suppose -5*h + 7 + 8 = -f, h = 3. Suppose 0 = -f*x - x - 13. Let s = x - -20. What is the units digit of s?
7
Let q(l) = 6*l - 4. Let o be q(4). Suppose -3*u - 127 = o. What is the units digit of 3/6 + u/(-2)?
5
Suppose 2*b - 42 = -22. What is the tens digit of b?
1
Let x = 183 + -68. Let l = -3 + x. What is the units digit of l?
2
Let w = 833 + -348. What is the units digit of w?
5
Let n(x) = -2*x**3 - x**2 + 2*x + 1. Let u(q) = q**2 + 12*q + 8. Let c be u(-10). Let t = c - -9. What is the tens digit of n(t)?
4
Let t(d) = 2*d + 24. Let p be t(-10). Suppose -p*o = -6*o + 86. What is the units digit of o?
3
What is the thousands digit of 2096 + (-15)/25 + (-190)/(-25)?
2
Suppose -2*p - 1529 = -5*a, -5*p - 29 = -a + 263. Suppose -a = -9*z - 46. What is the units digit of z?
9
Let k(c) = c**3 + 9*c**2 - 37*c - 12. Let z be k(-12). Let q(t) = 10 + 35 + t - 6 - t**2. What is the units digit of q(z)?
9
Let a be (-1 - -2) + -2 + 11 + -4. Let p(o) = o**3 - 2*o**2 - 4*o - 22. What is the tens digit of p(a)?
9
Let y = 74 - -34. What is the tens digit of y?
0
Let t(q) = 4*q + 116. What is the units digit of t(-27)?
8
Let c(s) = -13*s + 9. Suppose 0 = 3*x - 6*x + 3. Let t = x - 5. What is the units digit of c(t)?
1
Let n(t) = 3*t**2 + 4*t + 8. Let g be n(7). Suppose 4*a = a + g. Let x = a + -30. What is the units digit of x?
1
Let r(m) = 1 + 2 + 3*m + 9*m. Let d(s) = 3*s + 1. Let b(u) = 22*d(u) - 6*r(u). What is the units digit of b(-2)?
6
Let b(x) = 8*x + 57. Let a be b(-21). Let j = a + 187. What is the units digit of j?
6
Suppose -20 = -4*o + 2*n - 4, 5*n + 18 = -o. Let t be (-3)/3 + 2 + o. Suppose -32 = -v - 5*k + 6*k, 0 = t*v - k - 90. What is the tens digit of v?
2
Suppose 2 = 2*m + 4, 4 = 3*w + 2*m. Suppose -6*r + w*r - 20 = v, -v - 5 = r. Suppose -3*a - 3*j = -96, v*a - 3*j - 52 = -a. What is the units digit of a?
7
Let v be (5 + -2)/((-6)/(-10)). Let s(z) = 7*z - 8. Let j be s(v). Suppose -2*l + 5*q - 21 = 0, 6 = -3*l - 3*q + j. What is the units digit of l?
2
Let v(o) = -o**3 + 4*o**2 - 4*o + 1. Let t be v(3). Let k = 6 + t. Suppose 2*h + 5*g = 3*h + 3, 0 = -4*g + k. What is the units digit of h?
2
Suppose 316*n = 321*n - 6440. What is the tens digit of n?
8
Let m be ((-26)/4)/(3/(-6)). Let w = m - 11. What is the tens digit of (w - 3)*4 + 47?
4
What is the tens digit of ((-755)/(-30))/(3/342)?
6
Let a = 3 - -2. Suppose 31 = -h - 2*h + a*g, -3*g = -3*h - 21. What is the tens digit of (h + -26)/(-2 - 0)?
1
Let x = 71 - -45. Suppose -6*b - 8 = -x. Let z = b + 33. What is the units digit of z?
1
What is the units digit of 3/2*(-1)/((-21)/15008)?
2
What is the units digit of 68/51 + 6080/3?
8
Suppose 3*f - 2*o - 11457 = 0, -3*o = -5*f - 3009 + 22105. What is the thousands digit of f?
3
Let w = -496 + 2012. What is the tens digit of w?
1
Suppose 4*y = 10*a - 7*a - 2118, -5*y - 2824 = -4*a. What is the tens digit of a?
0
Let b = -38 + 40. Suppose h = b*h - 4*x - 34, 2*x = -4*h + 136. What is the tens digit of h?
3
Let j be -3*(200/(-6))/(-5). Let b = -15 - j. Suppose -34 = -d - b*x, 0*d + 5*x = d + 6. What is the units digit of d?
4
Let d(q) = -2*q**3 - q**2 - 8*q + 13. What is the hundreds digit of d(-6)?
4
Let z = -168 + 415. Let v = z - 138. What is the units digit of v?
9
Let n = -1430 - -2003. What is the tens digit of n?
7
Let p(h) be the third derivative of -1/20*h**5 + 0*h + 0 + 6*h**2 + 1/3*h**3 - 1/120*h**6 + 5/24*h**4. What is the tens digit of p(-5)?
2
Suppose 5*o - 21 + 1 = -2*v, 3*o + 2*v = 16. What is the units digit of 1/o + 268/8?
4
Suppose 5*b - 7594 = 55*w - 57*w, -4*b = 2*w - 6076. What is the thousands digit of b?
1
Suppose 5*r - 5*v - 1180 = 0, -354 = -4*r + v + 593. What is the units digit of r?
7
Let x = -344 - -161. Let k = 261 + x. What is the units digit of k?
8
Let f(q) = 19*q + 3. Let a be f(-4). What is the units digit of a/(-1 - 10/(-15))?
9
Suppose 2 = 2*v + 6, 0 = 2*g + 2*v. Suppose 3*w = 3*z - 24, 0 = 4*z - 2 - g. Let q(u) = -6*u - 23. What is the tens digit of q(w)?
1
Let r = 412 - 17. What is the tens digit of r?
9
Let v(w) = -w**2 - w - 1. Let x be v(-3). Let q = 13 + x. Suppose q*o = 3*o + 57. What is the units digit of o?
9
Suppose 4*u + 4*s + s = -63, 0 = 2*u + 4*s + 24. Let d(o) = -4*o + 46. What is the tens digit of d(u)?
3
Suppose -3 = k - 0*c + c, -5*k - c + 5 = 0. Suppose -2*r + 236 = -4*y, k*y - 3*r = 17 - 131. Let p = y + 89. What is the units digit of p?
9
Let y(k) = 3*k - 4. Let a be y(2). Suppose 4*t - o + 14 = 0, -5*t + 3*o = -o + 23. What is the units digit of t - 78/(-1 - a)?
3
Let y be (-3)/(-3 + (-43)/(-14)). Let s = 87 + y. What is the units digit of s?
5
What is the hundreds digit of (-925)/(-2) + (-13)/(-26)?
4
Let k(y) = y + 6*y + y + 8. Let l(w) = -w - 1. Let c(j) = k(j) + 4*l(j). What is the tens digit of c(3)?
1
Let g(o) = o + 15. Let u be g(-10). Suppose 3*q + 4 = 3*z - u, -z + 3 = -5*q. Suppose -f + q*f = -3. What is the units digit of f?
3
Let m(x) = x + 56. Let u be m(-31). What is the tens digit of u/(3/90*6)?
2
Let f = 942 - 573. What is the hundreds digit of f?
3
Let f be 1/((-184)/60 - -3). What is the units digit of 5/(f/(-12))*(-43)/(-2)?
6
Let j(q) = 2*q**2 - 7*q + 7. Let h = 12 + -5. Let u be j(h). Suppose 2*c + 0*c = -3*o + 84, 2*o - 5*c - u = 0. What is the units digit of o?
8
Let q(y) = 2*y**3 + 43*y**2 - 9*y + 51. What is the hundreds digit of q(-21)?
6
Let j = 273 + -89. Let k = j - 15. What is the units digit of k?
9
Let g(x) = -9*x + 7. What is the units digit of g(-15)?
2
Let n = 14 - 14. Suppose 5*i = -n*i + 55. Let b = i + -1. What is the units digit of b?
0
Suppose 0 = 2*r, 5*r - 320 = -z + r. Suppose -2*q + z = 3*q. Suppose 0 = 4*x - 12 - q. What is the tens digit of x?
1
Let p be (94/2)/(2/(4/2)). Let h = p - 36. What is the units digit of h?
1
Let y = 4 + 26. Suppose -2*c + 95 = -5*z, 2*c - 85 = z + y. Suppose -7*a + c = -4*a. What is the tens digit of a?
2
Suppose 0*g + 2360 = 4*g. Suppose 0 = 24*y - 29*y + g. What is the units digit of y?
8
Let c = 5620 + -3908. What is the thousands digit of c?
1
Suppose 0 = -3*v + 8*v + 215. Let c = 155 + v. What is the tens digit of c?
1
Suppose -13*s + 11820 = -s. What is the hundreds digit of s?
9
Suppose 3*t + 4*a = t - 68, -5*t + 5*a = 185. Let d be (98/8)/((-9)/t). Let u = 12 + d. What is the units digit of u?
1
Let a(g) = g**3 + 16*g**2 + 12*g - 4. What is the hundreds digit of a(-8)?
4
Let c = 997 - 658. What is the tens digit of c?
3
Let c(h) = -h - 4 + 0*h + 27. What is the tens digit of c(7)?
1
Let c = -13898 + 19477. What is the hundreds digit of c?
5
Suppose 0 = -4*u + 3*v + 98, -u - 3*v = 4*u - 109. Suppose u = -2*l - 3*z, 0 = -l - 2*z + 3*z + 1. Let g = 32 - l. What is the tens digit of g?
3
Let q(f) be the first derivative of f**4/4 - f**3/3 - 4*f**2 + 4*f + 5. What is the tens digit of q(5)?
6
Let y be -5 - -19 - (-2 + 1). Suppose -y = 4*p + p. What is the units digit of (p - -4)*(-1 - -2)?
1
Suppose 2*g + 1 - 23 = 0. Suppose -g*j + 1434 = 180. What is the units digit of j?
4
Suppose 2*c - 840 = -2*t, -3*c + 4*t = -8*c + 2105. What is the tens digit of c?
2
Let w(r) = 13*r + 233. What is the hundreds digit of w(47)?
8
Let l(c) = 883*c + 51. What is the tens digit of l(2)?
1
Let r be -4*(-1)/(4/8). Suppose -5*o = 2*p - 59, -3*o - 5*p = -r*o + 45. Let y = 34 - o. What is the units digit of y?
3
Let k be 915/7 + (-52)/(-182). What is the units digit of -4 + k + (4 - 2)?
9
Let f = -31 + 36. Suppose -7*d = -f*d - 508. Suppose -i - i + 5*s + 131 = 0, 4*i - 2*s = d. What is the tens digit of i?
6
Suppose -106*k + 101*k = 2*z - 4130, 4110 = 2*z - 5*k. What is the tens digit of z?
6
Suppose -33*x + 1206 = -4074. What is the tens digit of x?
6
Suppose 1323 = d - 5*t, 0 = -3*d + 127*t - 124*t + 4005. What is the units digit of d?
8
Let j = 76 - 51. Let a be